 of 3/w*-6*16.
2, 3
Let j = -313 + 475. Suppose 3*b - j = -3*k, -k + 1 = 2. What are the prime factors of b?
5, 11
Let d = -46 - -82. Let m = 34 + d. List the prime factors of m.
2, 5, 7
Suppose 4*r - 2380 = -4*s, 16*r - 12*r + 3020 = 5*s. What are the prime factors of s?
2, 3, 5
Suppose -163 = -13*x - 20. What are the prime factors of x?
11
Suppose 5*u = 2*s - 113, -2*s + 4*u + 83 = 5*u. Suppose 2*i - s = i. Suppose -5*h + 95 = 5*p, -17 - i = -4*p + h. What are the prime factors of p?
2
Let s be ((-57)/12 - -5) + 66/(-8). List the prime factors of 53/((-2)/(-4)*s)*-16.
2, 53
Suppose -2*v + w = -w - 2006, -3*w - 6033 = -6*v. What are the prime factors of v?
2, 3, 7
Suppose -246189 - 296262 = -91*s. List the prime factors of s.
3, 1987
Let b(f) = -f**3 + 15*f**2 + 34*f - 94. List the prime factors of b(16).
2, 97
Let y = 4 - -88. Suppose 21*s = 25*s - y. List the prime factors of s.
23
Let x be 579/(-21) - (-3)/(-7). Let p = 51 + x. List the prime factors of p.
23
Suppose 0 = -2*u + 29 - 69. Let r = 13 + u. List the prime factors of (144/(-56))/(1/r).
2, 3
Suppose -2*h + 0*h - 12 = -2*p, -3*h - 2 = p. Suppose 41 = 3*y - p*w, -4*y + w + 0*w + 33 = 0. List the prime factors of (6 + -2)*y/4.
7
Let f = 23 + -25. Let v = 34 + f. Suppose -v = -z - 3*z. List the prime factors of z.
2
Suppose 33*b - 4 = 32*b. Suppose b*q + 19 - 183 = 0. What are the prime factors of q + 3 + (3 - -1)?
2, 3
Let a = 341 + -233. Suppose 7*q + a = 11*q. List the prime factors of q.
3
Let l(s) = -s**3 - 33*s**2 + 369*s + 57. What are the prime factors of l(-42)?
3, 5, 29
Suppose -3*f + 2*a = -1286, -2*f + 4*f - 852 = 4*a. What are the prime factors of f?
2, 5, 43
What are the prime factors of (-22)/(1/1)*(-3 - 24)?
2, 3, 11
Let x = 327 + -137. Suppose 0 = 2*v + 3*v - x. Suppose 2*k + 4*c - v = k, -3*c + 91 = 2*k. List the prime factors of k.
2, 5
Let s = -66 - -150. What are the prime factors of s?
2, 3, 7
Let p(f) be the first derivative of f**3/3 - 11*f**2/2 + 11*f - 9. List the prime factors of p(14).
53
Let l(n) = -n**3 - 12*n**2 + n + 12. Let f(y) = 4*y - 13. Let s be f(0). What are the prime factors of l(s)?
2, 3, 7
Suppose 82*v = 86*v - 3016. List the prime factors of v.
2, 13, 29
Let q = 118 + -120. What are the prime factors of (-8)/q*(-3003)/(-42)?
2, 11, 13
Suppose -3*z + 61 + 68 = d, 3*z - 3*d = 141. List the prime factors of z.
2, 11
Suppose 5*a = 5*z - 290, -3*a + z - 5*z - 174 = 0. Let q be (a/6)/(2/(-24)). Let l = -64 + q. List the prime factors of l.
2, 13
Let i = 3536 + -2272. What are the prime factors of i?
2, 79
Suppose -o + 105 + 1 = 2*k, 5*o - 540 = -5*k. Let z = 204 - o. What are the prime factors of z?
2, 47
Suppose 3*m + 16 = 2*r, -r + 21 = 2*m + 4*r. Let c be m/(-8) - (-9)/12. Suppose b - 46 + c = 0. What are the prime factors of b?
3, 5
Suppose 154 = 3*i - 134. Let t be 2 - (-3 - -5 - 3). Suppose i = 6*m - t*m. List the prime factors of m.
2
Suppose q - 2*y - 12 - 12 = 0, -5*q + 84 = 2*y. Suppose 118 - q = 2*h. Suppose 0 = -4*l + 5*l - h. What are the prime factors of l?
2, 5
Suppose 5*d + 6 = -2*b + 6*b, 4*d + 12 = -4*b. Let h(z) be the third derivative of -5*z**4/12 - z**3/6 + 5*z**2. List the prime factors of h(b).
3
Let y(k) = 4*k**3 + 5*k**2 + 2*k - 2. Let c(h) = h**3 + h**2 + h. Let q(b) = 3*c(b) - y(b). Suppose 0*i + 5*i + 20 = 0. What are the prime factors of q(i)?
2, 3, 5
Suppose 2*w = -0*w + 80. Suppose 5*t + w = 5*j, 2*t + t + 12 = 0. What are the prime factors of j?
2
Let i = 74 + -71. Suppose 5*c + 81 = i*n - 403, 5*n - 852 = -3*c. What are the prime factors of n?
2, 3, 7
What are the prime factors of (-19)/(-38)*2/(-1)*-465?
3, 5, 31
Suppose 9*r + 10240 = 19*r. What are the prime factors of r?
2
Let c(o) = 4*o**2 - 7*o - 32. List the prime factors of c(-10).
2, 3, 73
Let f = 164 + -70. Suppose -4 = 9*p - f. List the prime factors of p.
2, 5
Let z be (171/(-38))/(6/16). What are the prime factors of (45/(-6))/(1/z)?
2, 3, 5
What are the prime factors of (109/2)/(242/48 - 5)?
2, 3, 109
Suppose -3*u - 15 = 5*a + 5, 4*u - 4*a = 16. Suppose u = -4*p + 6*p - 3*y - 324, -12 = 3*y. List the prime factors of p.
2, 3, 13
Let l = 13 + -20. Suppose -61 + 13 = 3*f. Let q = l - f. What are the prime factors of q?
3
Suppose 3*c + 6340 = 5*y, -2*c = -2*y + 2485 + 47. List the prime factors of y.
31, 41
What are the prime factors of (15654/6 - -7)/2?
2, 3, 109
Let y(q) = 6*q - 1. Suppose 2 = -2*x + 4*x. Let f be y(x). Suppose -f*b = -5, -4*a + 5*b + 33 = -42. What are the prime factors of a?
2, 5
Suppose 436 = -4*h + 452. Let f be (5 + 1)*(-8)/(-3). Suppose -8*n = -h*n - f. What are the prime factors of n?
2
Let h be (-20)/8*6/(-5). Suppose -h*z + 140 = 3*q + z, q - 4*z - 36 = 0. List the prime factors of q.
2, 11
Suppose -31*r + 43*r = 14004. What are the prime factors of r?
3, 389
Suppose c + 2*c = 198. Let p = c - 30. Suppose 4*i = p + 72. What are the prime factors of i?
3
Let j(q) = -q**2 - 11*q - 18. Let w be j(-9). Suppose -241 = -3*r + k + k, w = r - 3*k - 92. Suppose -r = -5*u + 88. What are the prime factors of u?
3, 11
What are the prime factors of 2469 + ((-26)/221 - 234/34)?
2, 1231
Let c be (-29)/(-3) - (-12)/(-18). Suppose -3*z = -c, -6 = 3*d + 4*z - 159. List the prime factors of d.
47
Suppose 2*f + 252 = -3*r + 14, -5*r - 394 = 4*f. Let v = -2 - r. List the prime factors of v.
2, 5
Let f be 1/3 + 168/36. Suppose -f*d - s = -301, 3*d + 2*s - 199 = 6*s. What are the prime factors of d?
61
Let p = 9 + -8. Let m be (p - 2) + (-3 - -4). Suppose 4*b - 152 = -m*b. What are the prime factors of b?
2, 19
Let z(i) = 38*i**2 - 3*i + 11. List the prime factors of z(2).
157
Suppose 2 = x - 5*l, 2*l - 10 = 8*x - 13*x. Suppose -10 - x = 3*t, 1251 = 5*p + t. List the prime factors of p.
251
Suppose 2146 = 3*t - 122. List the prime factors of t.
2, 3, 7
List the prime factors of 3/(-1)*(-77)/(-63)*-3.
11
Suppose 0 = 5*p + 4*z - 24406, -414 = -p - 5*z + 4484. What are the prime factors of p?
2, 3, 271
Let p(x) = 5*x**2 + 7*x + 3. Let y be p(-3). Let r = -3 + y. List the prime factors of r.
2, 3
Let u(z) = -14*z - 8. Suppose 2*q = 4*q + 6. List the prime factors of u(q).
2, 17
Suppose 30*v = 27*v + 9. Suppose v*s + 4*r = -0*r + 340, -3*r - 96 = -s. What are the prime factors of s?
2, 3
Suppose -y = -10 - 4. Let d be 2 + (-5 - 2) + 2. What are the prime factors of 1*(2*y + d)?
5
Suppose 9*i - 42 = 2*i. Let g be 9/i + 622/(-4). Let l = -88 - g. What are the prime factors of l?
2, 3, 11
Let k(v) = -3*v + 9. Let p be k(3). Suppose 0 = -3*s - 4*q + 744, 4*s - 5*s - 3*q + 253 = p. List the prime factors of s.
2, 61
What are the prime factors of (-16)/(-12)*3 - (-6 + -156)?
2, 83
Let s = -8 - -12. Suppose -12 = s*x, -3*l + 2*l + 40 = -4*x. What are the prime factors of l?
2, 7
Let b(c) = 0*c + 1 - 2*c**2 + c**3 + 9*c**2 + 7*c. Suppose -4 = -4*q - 24. What are the prime factors of b(q)?
2
Suppose 0*j + 4*j = 20, 3*g + 4*j = 14. Let s(z) = 21*z**2 + 6*z - 2. List the prime factors of s(g).
2, 5, 7
Let x(y) = -y**3 + 5*y**2 - 2*y - 4. Let p be x(4). Let c be 81/36 - 1/p. Suppose 3*l - 22 = c*l. List the prime factors of l.
2, 11
Let s(g) = g**3 - 8*g**2 + 9*g - 7. Let l be s(7). Suppose -l*j = -3*j - 464. What are the prime factors of j?
2, 29
Let k = -1076 - -2174. What are the prime factors of k?
2, 3, 61
Let p(t) = t**3 + t**2 + 3. Let f be p(0). Suppose -d - 3 = 2*a - 17, f*d = 3*a - 12. List the prime factors of (4/a)/(14/861).
41
Let l(n) = n**3 - n. Let f(i) = 3*i**3 - 7*i**2 - 9*i - 8. Let o(r) = -f(r) + 2*l(r). Let d be o(8). Suppose d = 4*u - 67 - 9. List the prime factors of u.
19
Suppose 5*v - 29078 = -2978. What are the prime factors of v?
2, 3, 5, 29
Let a = 241 - 258. Let r = -181 - -121. Let g = a - r. List the prime factors of g.
43
What are the prime factors of (-1 - (-30)/12)*290?
3, 5, 29
Suppose 2*m + 2*m = 8. Suppose -u + z = 2*u - 443, z - 302 = -m*u. What are the prime factors of u?
149
Suppose -2*u = 3*h - 1281, 0*h = u + 4*h - 633. What are the prime factors of u?
3, 5, 43
Let r(x) = x**3 + 31*x**2 - 19*x + 54. What are the prime factors of r(-31)?
643
Let n(m) = 13 - 12 + m + 0*m + 5*m**2. Let h be n(-1). Suppose -2*z = -h*z + 201. List the prime factors of z.
67
Suppose -10*j + 2274 + 136 = 0. What are the prime factors of j?
241